ppose -t - 3*u - 2*u = -18, -2*u + 33 = t. Calculate the remainder when t is divided by 23.
20
Let v = -116 + 134. What is the remainder when 177 is divided by v?
15
Suppose 130 - 2 = 4*r. Suppose 3*x = x + r. What is the remainder when 61 is divided by x?
13
Suppose -3*a = -6*a + 4*m + 75, -a + 25 = 5*m. What is the remainder when 49 is divided by a?
24
Suppose 0 = -2*b - s - 16, 0 = -5*b + 2*b - 5*s - 31. Let c(o) = o + 9. Calculate the remainder when 3 is divided by c(b).
1
Let z be 2 + 0 + 1 + -2. Let i = z + 2. Let m(d) = d**3 - 3*d + 3. Calculate the remainder when m(2) is divided by i.
2
What is the remainder when 9 is divided by (-18)/(-8)*(-1)/(12/(-32))?
3
Let v be 4*(-4)/40*20. What is the remainder when 20/(-2 + v/(-3)) is divided by 11?
8
Let d be 6/(-27) - (-130)/18. Let q be 153/21 - 2/d. Calculate the remainder when q*2/(0 + 2) is divided by 3.
1
Let y be (-27)/6*20/(-3). Let o be 0 + (24 + 2)/(-2). Let r = y + o. What is the remainder when r is divided by 9?
8
Calculate the remainder when (-4)/10 - ((-354)/10 - 4) is divided by 8.
7
Let q(p) = 5*p**2 - 2*p. Let d(w) = 19*w - 1. Let g(z) = -56*z + 3. Let h(t) = -8*d(t) - 3*g(t). Calculate the remainder when h(3) is divided by q(2).
15
Suppose -43 = 3*m - 106. Calculate the remainder when 58 is divided by m.
16
Let j be 36/6*(-2)/(-4). Suppose j*i - 3*g - 42 = 0, -2*g = 2*i - g - 22. What is the remainder when 46 is divided by i?
10
Suppose 3*d = 5*d. Let h(z) = -z**2 - z + 3. What is the remainder when h(d) is divided by 2?
1
Suppose 2*c = 7*c - 55. What is the remainder when c is divided by 4?
3
Suppose 3*a + 8 = 5*a. Suppose 4*i = 4*l - 219 - 21, 246 = a*l + 2*i. Calculate the remainder when l is divided by 21.
19
Suppose 348 - 42 = -3*k + 3*o, -2*k - 192 = -5*o. Let i = 163 + k. Calculate the remainder when (-1 - i/(-9))*6 is divided by 11.
10
Let i = 51 - 19. Calculate the remainder when 93 is divided by i.
29
Suppose k - 112 = -3*z - 11, 3*k = 5*z - 173. Let a(o) = o + 10. Let u be a(-6). Let f(s) = 4*s + 2. Calculate the remainder when z is divided by f(u).
16
Suppose 5*m - 19 = 46. Let f(z) = -8*z**2 - 2*z - 1. Let s be f(-1). Let p(o) = -4*o - 3. What is the remainder when p(s) is divided by m?
12
Suppose 0 = 3*a - 109 - 77. Let j = 6 + 22. Suppose -3*c + 4*v = -v - j, 0 = -5*c + 4*v + 64. What is the remainder when a is divided by c?
14
Suppose 23 = 6*n - 439. Let l(v) = 3*v**3 - v**2. What is the remainder when n is divided by l(2)?
17
Let j = -67 - -103. Calculate the remainder when j is divided by 10.
6
Let t be (-5)/(-2)*52/2. Let k = t - 44. Calculate the remainder when k + (0/(-2) - -2) is divided by 12.
11
Let c(j) = -j**3 - 5*j**2 - 2*j - 6. Suppose 3*i + 21 = y, -33 = 2*i + i - 5*y. Calculate the remainder when c(i) is divided by 11.
9
Let u(i) = -2 - 2*i - 7*i + 2*i. What is the remainder when u(-3) is divided by 5?
4
Suppose 4*n - 20 = 3*n - b, n - 35 = 2*b. Let j = 30 + -17. Calculate the remainder when n is divided by j.
12
Suppose -6*y + 409 = -203. Calculate the remainder when y is divided by 15.
12
Let b(h) = -28*h - 5. Let y be b(5). Let t = -78 - y. Let k = -18 - -35. What is the remainder when t is divided by k?
16
Suppose 10 = 5*d - 5*i, -4*d - 4*i + 4 + 20 = 0. Calculate the remainder when 15 is divided by d.
3
Suppose -5*x + 61 - 17 = 4*d, -4*d + 5*x = -4. Let k be (-3)/(-2*(-1)/(-28)). Suppose k = 4*a - d. Calculate the remainder when a is divided by 7.
5
Suppose -h + 2 = -3*h. Let o(f) = f**3 + 8*f**2 + 4*f - 8. What is the remainder when o(-7) is divided by (-4)/h*(-15)/(-12)?
3
Let v(p) = 4*p**3 - 6*p**2 + 6*p + 3. What is the remainder when v(3) is divided by 26?
23
Let d = 5 - 3. Suppose -13 = -d*j + k, -2*j + 5 = 4*k - 3. Suppose 7*v - j = 4*v. Calculate the remainder when v is divided by 1.
0
Suppose 0 = 5*u - 1404 + 494. Calculate the remainder when (u/21)/(1/3) is divided by 9.
8
Suppose -220 = 5*a - 10*a. Calculate the remainder when a is divided by 15.
14
Suppose 0 = 3*v + 3 + 12. Let w(z) = -4*z - 3. What is the remainder when 49 is divided by w(v)?
15
Let u be 6/8 + 8/32. Calculate the remainder when 38 is divided by 0 - (u - 2) - -19.
18
Suppose 8*m - 55 = -3*l + 4*m, 105 = 5*l + 4*m. What is the remainder when 95 is divided by l?
20
Suppose -5*o = -5*g + g - 36, -4*o - 2*g = -8. What is the remainder when 6 is divided by o?
2
Let n = 8 + 2. Let h(z) = 9*z + 3. Let r be h(n). Suppose -4*s - 33 = -r. Calculate the remainder when s is divided by 6.
3
Let r(m) = 3*m**2 - 3*m - 9. Let s(d) = 2*d**2 - 3*d - 8. Let z(n) = 3*r(n) - 4*s(n). Let y = -49 + 93. Calculate the remainder when y is divided by z(-5).
14
Suppose -5*i + 5*d = -190, -3*i + 4*i - 35 = 2*d. Suppose 0*r - 11 = -r. Calculate the remainder when i is divided by r.
8
What is the remainder when 1 + 1 - 360/(-9) is divided by 15?
12
Suppose 2*i + 33 + 16 = 3*y, 4*i = -4*y + 32. Let b = 72 + -46. Let t = b + -2. Calculate the remainder when t is divided by y.
11
Suppose i + 2*u - 75 = -u, 4*i + 3*u - 273 = 0. Suppose i = 2*p - 14. Calculate the remainder when p is divided by 21.
19
What is the remainder when 187 - (-6 - -1*12) is divided by 26?
25
Let z(w) = w**2 + 3. Let b be z(0). Suppose -6*h + 39 = -b. Calculate the remainder when h is divided by 2.
1
Let z(h) = 4*h - 6. Let u(k) = -k**2 + 5*k + 4. Let t be u(6). What is the remainder when (-3)/(-6) - 57/t is divided by z(4)?
9
Suppose 93 = 4*q + 5*l - 0*l, 2*l - 2 = 0. What is the remainder when q is divided by 8?
6
Let s(a) = a**2 + 5*a + 12. Let t be s(-8). Let u = t + -10. What is the remainder when 50 is divided by u?
24
Suppose -4*u + 115 + 117 = 0. Calculate the remainder when u is divided by 15.
13
Let h = -38 - -71. Let l(x) = 17*x + 1. Calculate the remainder when h is divided by l(1).
15
Suppose 14*j = j + 416. Suppose -240 = -5*f + 385. What is the remainder when f is divided by j?
29
Let q(z) = z**2 - 5*z - 11. What is the remainder when q(8) is divided by 4?
1
Suppose 0 = -0*a - a - 1. Let n = 6 - -1. What is the remainder when n is divided by a*12/((-3)/1)?
3
Let s(z) be the second derivative of 0 - 13/6*z**3 + 2*z + 3/2*z**2. What is the remainder when s(-4) is divided by 14?
13
Suppose -176 = -5*i + 99. What is the remainder when i is divided by 14?
13
Suppose -5*z + 4*g + 141 = 0, -4*z - z + 137 = -3*g. Suppose 22 = 3*r - 17. What is the remainder when z is divided by r?
12
Let p(u) = 2*u - 2. Let l be p(4). Suppose i + 0*i = -3*z - 3, -i = 4*z + 8. Calculate the remainder when ((-6)/4)/(l/(-136)) is divided by i.
10
Suppose 3*a + 4*g = 2*a + 16, 0 = -4*a - 3*g + 64. What is the remainder when 30 is divided by a?
14
What is the remainder when 10 is divided by (-4)/(-4 - (-6 - -4))?
0
Let c(f) = 14*f + 4. Calculate the remainder when c(5) is divided by 20.
14
Suppose 23*v - 288 = 563. Calculate the remainder when v is divided by (-41)/(-2) + (-1)/2.
17
Suppose 2*d - 5*d + 15 = 0. Suppose 0 = 3*i - 2*k - 22, -2*i - 3*i = d*k - 20. Calculate the remainder when 20 is divided by i.
2
Suppose -2*o - 4*q + 170 = 0, 136 = -3*o - 2*q + 375. What is the remainder when o is divided by 40?
37
Let n = 53 + -36. Suppose -3*f + 11 = -2*f + 5*m, m = 4. Let k(v) = -v**2 - 14*v - 13. Calculate the remainder when k(f) is divided by n.
15
Suppose -5*f + 40 = -5*l, 0 = -3*l + 2 - 17. Let o = f + 2. Suppose -o*h + 3*b + b = -36, -2*b = h + 4. What is the remainder when h is divided by 2?
0
Calculate the remainder when 97 is divided by (0/((-4)/2) + -5)*-4.
17
Let d = 75 + -64. What is the remainder when 29 is divided by d?
7
Let w be 2 - (-1 + (-6 - -3)). Suppose 0 = w*s - 2*s - 92. Let o(n) = n**3 - n**2 + 3*n - 2. Calculate the remainder when s is divided by o(2).
7
Let q(w) = -3*w - 5. Let s = 34 - 14. What is the remainder when s is divided by q(-4)?
6
What is the remainder when 50 is divided by (-476)/(-36) - (-3)/(27/(-2))?
11
Let t = 122 - -62. Calculate the remainder when t is divided by 62.
60
What is the remainder when 86 is divided by (-7 + (-77)/(-7))/(2/4)?
6
Let k be 3 + -2 + 0 - 1. Let f = k + -6. Let c = 8 + f. Calculate the remainder when 2 is divided by c.
0
Suppose w = -3*w + 8. Suppose -27 + 7 = -w*f. What is the remainder when f is divided by 6?
4
Suppose -q = -3*q + 24. Calculate the remainder when 21